(base 4) to base 13.
4086
What is 1210113 (base 5) in base 2?
101100000000101
Convert -448 (base 14) to base 11.
-701
-4523 (base 6) to base 15
-4a9
What is -71a (base 14) in base 6?
-10244
22111101 (base 3) to base 8
14061
Convert -6445 (base 8) to base 4.
-310211
e75 (base 15) to base 11
24a4
What is -10020322 (base 4) in base 11?
-11813
Convert 24040 (base 7) to base 2.
1100000111010
What is -67b9 (base 16) in base 12?
-13449
-6446 (base 8) to base 15
-ee6
What is -1120212 (base 3) in base 12?
-805
Convert -23032 (base 4) to base 9.
-877
Convert -1124 (base 7) to base 4.
-12122
What is -167a6 (base 11) in base 6?
-301114
What is -10827 (base 11) in base 14?
-59b0
What is -151c (base 13) in base 7?
-11641
What is 112203 (base 4) in base 14?
751
Convert -27220 (base 10) to base 11.
-194a6
Convert -15250 (base 9) to base 14.
-3b1b
2107 (base 15) to base 12
405a
Convert -4231 (base 6) to base 14.
-4c3
What is -42003 (base 5) in base 9?
-3688
What is 10010121 (base 3) in base 9?
3117
Convert -10010010010100001 (base 2) to base 14.
-1d42d
2036 (base 7) to base 12
4b5
What is a54b (base 15) in base 12?
18282
2c62 (base 16) to base 4
2301202
Convert 636 (base 12) to base 16.
38a
34411 (base 7) to base 14
32b1
-35053 (base 12) to base 10
-70911
Convert -11011110 (base 2) to base 12.
-166
1b3 (base 13) to base 6
1243
589 (base 10) to base 8
1115
What is -12022 (base 5) in base 7?
-2405
-141342 (base 5) to base 3
-22000120
Convert 4600 (base 7) to base 6.
11414
Convert -9010 (base 12) to base 5.
-444224
Convert -3043 (base 13) to base 15.
-1e81
Convert -a074 (base 13) to base 10.
-22065
576 (base 9) to base 16
1da
What is 6590 (base 11) in base 8?
20762
14c00 (base 13) to base 11
27648
-1010000001 (base 2) to base 9
-782
-22d4 (base 14) to base 4
-1132302
Convert -133123 (base 4) to base 7.
-5602
Convert -10010010 (base 2) to base 8.
-222
Convert -401 (base 9) to base 5.
-2300
What is -12013 (base 15) in base 10?
-57393
Convert 3b (base 15) to base 13.
44
What is -14104 (base 5) in base 15?
-51e
16560 (base 7) to base 9
6453
What is -8165 (base 10) in base 16?
-1fe5
Convert -110200 (base 3) to base 5.
-2332
What is -275 (base 10) in base 7?
-542
Convert -202200 (base 3) to base 7.
-1425
Convert 24424 (base 5) to base 3.
2120001
2736 (base 11) to base 15
10b8
-676b (base 15) to base 12
-10832
12011 (base 3) to base 8
213
Convert 4972 (base 11) to base 8.
14534
10304 (base 7) to base 6
15452
-7c06 (base 14) to base 6
-243502
-3910 (base 11) to base 6
-35325
Convert 12111020 (base 3) to base 6.
30310
What is 12bd2 (base 15) in base 10?
60047
Convert -255 (base 15) to base 3.
-201122
What is -1101010000 (base 2) in base 10?
-848
What is 11121 (base 4) in base 3?
110210
-ab (base 13) to base 6
-353
Convert 30 (base 11) to base 9.
36
Convert -202030 (base 7) to base 8.
-103021
What is 113200 (base 7) in base 5?
1122320
What is -2176 (base 12) in base 3?
-12001200
Convert -211011200 (base 3) to base 5.
-1004124
-310 (base 13) to base 8
-1010
What is 122212 (base 5) in base 7?
16436
What is 30 (base 15) in base 10?
45
Convert 101001000011 (base 2) to base 11.
1a79
-503 (base 12) to base 10
-723
Convert -201033 (base 4) to base 14.
-abd
What is 4068 (base 15) in base 5?
413343
-4323 (base 5) to base 10
-588
-10110101110 (base 2) to base 7
-4145
12023 (base 4) to base 15
1b5
What is -11011011 (base 2) in base 4?
-3123
What is 25661 (base 9) in base 13?
7b55
-677 (base 15) to base 16
-5b6
What is -2072 (base 10) in base 15?
-932
2242 (base 11) to base 13
145c
What is 31131330 (base 4) in base 6?
1103220
Convert 22450 (base 7) to base 3.
21211211
23803 (base 9) to base 3
210220010
What is 116c (base 13) in base 3?
10100222
523 (base 15) to base 14
5ca
Convert -39 (base 13) to base 9.
-53
4aa1 (base 14) to base 15
3d1c
What is 2015 (base 6) in base 7?
1202
Convert -312 (base 10) to base 7.
-624
b7a6 (base 14) to base 9
47434
What is -b8 (base 13) in base 9?
-177
What is -4245 (base 6) in base 8?
-1705
27531 (base 8) to base 9
17557
What is 35c (base 15) in base 10?
762
Convert 35006 (base 9) to base 3.
1012000020
What is -111001100 (base 2) in base 10?
-460
3434020 (base 5) to base 8
170500
-53445 (base 6) to base 5
-213201
What is 8352 (base 9) in base 3?
22101202
-286 (base 12) to base 6
-1450
613 (base 8) to base 5
3040
12011222 (base 3) to base 8
7303
912 (base 12) to base 7
3551
What is 6b83 (base 16) in base 15?
824d
-2103002 (base 4) to base 5
-300120
-3311 (base 5) to base 16
-1c8
What is 9a (base 14) in base 2?
10001000
1142 (base 7) to base 9
518
-105b (base 12) to base 4
-130013
Convert -2225 (base 6) to base 15.
-24b
What is -110101101010 (base 2) in base 14?
-1374
Convert 204 (base 11) to base 3.
100010
-775 (base 9) to base 12
-44b
What is -103004 (base 5) in base 14?
-13c4
What is -7334 (base 8) in base 15?
-11d9
What is -589 (base 13) in base 12?
-67a
104c (base 14) to base 13
1384
Convert 3834 (base 13) to base 2.
1111100110010
What is -8451 (base 10) in base 7?
-33432
Convert -3513 (base 8) to base 9.
-2504
Convert -11011010 (base 3) to base 9.
-4133
bb (base 15) to base 6
452
-12a (base 14) to base 2
-11101010
Convert -794 (base 11) to base 6.
-4222
Convert 5304 (base 9) to base 14.
15c0
Convert 3535 (base 11) to base 8.
11034
What is -54411 (base 7) in base 5?
-413311
-6615 (base 8) to base 3
-11202111
What is -62571 (base 10) in base 16?
-f46b
Convert 15305 (base 6) to base 2.
100110111001
What is 1501 (base 12) in base 5?
34244
510 (base 12) to base 8
1334
What is 817 (base 14) in base 2?
11000110101
What is -1048b (base 13) in base 12?
-14ba0
Convert 88c (base 13) to base 7.
4165
339 (base 13) to base 14
2b9
-1001011010010100 (base 2) to base 11
-26a64
-315 (base 8) to base 16
-cd
Convert -573 (base 9) to base 10.
-471
-126220 (base 8) to base 4
-22302100
Convert 624 (base 7) to base 4.
10320
Convert 1263 (base 7) to base 9.
600
Convert -223120 (base 4) to base 11.
-20a4
288 (base 11) to base 4
11102
What is 202120 (base 3) in base 6?
2323
295 (base 13) to base 14
24c
122104 (base 5) to base 15
15a4
What is 20424 (base 5) in base 13?
80c
What is 6644 (base 12) in base 14?
4180
Convert 234540 (base 6) to base 9.
31116
What is -251 (base 10) in base 9?
-308
Convert -4dd7 (base 16) to base 6.
-232131
Convert -222521 (base 6) to base 8.
-44521
Convert 14612 (base 12) to base 5.
1403101
Convert -462 (base 12) to base 4.
-22022
Convert 13041 (base 5) to base 6.
4421
1b11 (base 15) to base 7
23050
1c (base 15) to base 7
36
Convert -23405 (base 7) to base 16.
-1790
Convert -1d1 (base 16) to base 4.
-13101
What is -4224 (base 6) in base 11?
-796
-100000110100 (base 2) to base 14
-aa0
1e49 (base 16) to base 4
1321021
What is 34454 (base 6) in base 7?
20242
Convert 88a (base 12) to base 5.
20013
Convert -86bb (base 13) to base 2.
-100100100111000
Convert -8230 (base 16) to base 8.
-101060
What is -3cb (base 16) in base 7?
-2555
Convert -1275 (base 9) to base 4.
-32333
1b20b (base 12) to base 10
40043
Convert 12554 (base 8) to base 11.
4136
What is c35 (base 14) in base 11?
1891
Convert 1101101 (base 2) to base 9.
131
What is -33032 (base 4) in base 6?
-4302
Convert -14301 (base 6) to base 13.
-1057
What is 5488 (base 9) in base 7?
14543
What is -290 (base 13) in base 2?
-111000111
3821 (base 12) to base 8
14331
Convert -18a (base 13) to base 8.
-433
What is -2313 (base 8) in base 15?
-56c
-46376 (base 11) to base 13
-24657
What is -10001000001000 (base 2) in base 14?
-3264
-388 (base 11) to base 14
-24b
Convert 11100210 (base 3) to base 6.
22420
Convert -13414 (base 5) to base 4.
-101111
Convert -1ab2 (base 13) to base 5.
-112112
100032 (base 4) to base 14
542
What is -21065 (base 7) in base 13?
-2495
What is -2038 (base 9) in base 13?
-8ab
Convert -1065 (base 7) to base 2.
-110000110
What is 8bc (base 14) in base 13?
a35
28643 (base 10) to base 4
12333203
Convert -31132 (base 4) to base 6.
-3554
What is 1010112200 (base 3) in base 14?
8186
35505 (base 6) to base 2
1010000100001
What is -76ad (base 15) in base 10?
-25138
-10000101110110001 (base 2) to base 9
-114003
-1001010010000 (base 2) to base 4
-1022100
13a (base 14) to base 5
1443
What is -401405 (base 6) in base 3?
-1121011112
What is 3654 (base 16) in base 14?
50d6
What is 3031003 (base 4)